.
-22
Let x(y) = -2*y**2 - 26*y + 14. Calculate x(-9).
86
Let r(w) = w**2 + 76*w + 1408. Determine r(-30).
28
Let k(h) = -9*h**2 + 79*h - 301. Give k(6).
-151
Let r(x) = 5*x**2 - 77*x - 329. Calculate r(19).
13
Let w(i) = 41*i - 1565. Determine w(38).
-7
Let i(h) = h**3 - 12*h**2 - 236*h + 123. Calculate i(22).
-229
Let m(j) = j**2 + 14*j - 1. Give m(-14).
-1
Let i(n) = 272*n - 13570. What is i(50)?
30
Let v(s) = -37844*s - 227062. Give v(-6).
2
Let u(y) = 4*y**2 + 23*y + 13. Give u(-8).
85
Let y(h) = h**3 + 18*h**2 - 21*h - 318. What is y(-19)?
-280
Let k(a) = -47*a - 178. What is k(-4)?
10
Let f(a) = -150*a - 1030. Determine f(-8).
170
Let k(u) = u**3 + 6*u**2 - 3*u + 8. Determine k(-4).
52
Let q(h) = h**2 - 47*h + 85. What is q(2)?
-5
Let h(q) = 3*q**2 + 13*q + 18. Calculate h(-1).
8
Let z(m) = 20*m - 319. Calculate z(14).
-39
Let d(u) = 146*u + 1848. Calculate d(-9).
534
Let v(q) = q**3 + 21*q**2 + 8*q + 175. Determine v(-21).
7
Let s(b) = b**3 + 150*b**2 + 4783*b - 118. Give s(-104).
-14
Let m(x) = x**2 - 45*x - 149. Give m(46).
-103
Let n(i) = 109*i + 245. What is n(-2)?
27
Let b(z) = z**2 + 16*z + 371. Calculate b(0).
371
Let d(u) = -19*u - 197. What is d(-19)?
164
Let i(f) = -f**3 + 43*f**2 + 2*f - 97. Give i(43).
-11
Let x(i) = 109*i - 283. Calculate x(3).
44
Let z(k) = k**3 - 33*k**2 + 91*k - 3. Give z(30).
27
Let d(t) = 3*t**2 - 51*t - 143. Calculate d(20).
37
Let d(j) = 322*j - 3983. Give d(12).
-119
Let b(d) = d**2 + 189*d - 13122. Determine b(54).
0
Let c(x) = -x**2 + 185*x - 3593. Give c(22).
-7
Let c(d) = -8*d**3 - 2*d**2 - 11*d - 42. Calculate c(-5).
963
Let v(o) = 9*o**3 + 502*o**2 - 56*o + 3143. Give v(-56).
7
Let t(s) = s**3 - s**2 - 233*s + 2. What is t(0)?
2
Let t(s) = -124*s + 1560. What is t(13)?
-52
Let t(p) = p**2 - 846*p + 41297. Determine t(52).
9
Let o(s) = 2*s**2 - 109*s + 226. Determine o(53).
67
Let t(d) = -3*d**3 + 127*d**2 - 377*d. What is t(3)?
-69
Let g(j) = 6*j**3 - 4*j**2 - 24*j + 88. Give g(3).
142
Let n(s) = 19*s + 26. What is n(-17)?
-297
Let u(y) = y**3 - 3*y**2 + 7*y + 20. What is u(-2)?
-14
Let b(k) = -11*k**2 - 142*k + 599. Give b(4).
-145
Let w(j) = 3*j**2 + 215*j - 512. What is w(-73)?
-220
Let v(z) = 2*z**2 - 2*z - 114. Give v(0).
-114
Let u(w) = -31*w - 70. Give u(-11).
271
Let v(z) = 3*z**3 + 7*z**2 + 21*z - 23. What is v(-6)?
-545
Let f(y) = -160*y + 1302. Give f(8).
22
Let t(s) = -s**3 + 2*s**2 + 152*s - 110. What is t(13)?
7
Let t(c) = -c**3 + 63*c**2 + 199*c - 44. What is t(66)?
22
Let a(b) = b**2 + 22*b - 225. Calculate a(-30).
15
Let p(s) = -229*s - 3301. Calculate p(-14).
-95
Let x(s) = s**3 - 39*s**2 + 102*s + 63. Determine x(36).
-153
Let x(w) = -5*w**3 + 4*w**2 + 339*w - 342. What is x(1)?
-4
Let c(f) = -4*f**2 - 260*f + 339. Determine c(-67).
-197
Let k(i) = 31*i - 84. Determine k(3).
9
Let o(v) = v**3 + 17*v**2 + 38*v - 324. What is o(-10)?
-4
Let l(p) = -p**3 + 8*p**2 - 13*p + 57. Give l(7).
15
Let y(g) = 2*g**3 - 148*g**2 - 642*g - 81. Give y(-4).
-9
Let b(c) = -2*c**2 + 136*c - 2347. Determine b(36).
-43
Let i(r) = 162*r - 7804. Calculate i(48).
-28
Let c(t) = -32*t**3 - 132*t**2 - 7*t + 38. What is c(-4)?
2
Let i(k) = -5*k**2 - 181*k + 8895. Determine i(-64).
-1
Let z(a) = -2*a**2 - 44*a - 99. Determine z(-18).
45
Let y(g) = -g**3 + 71*g**2 + 86*g - 1003. Give y(72).
5
Let m(y) = -297*y - 8320. Calculate m(-28).
-4
Let v(t) = 4*t + 229. Give v(-43).
57
Let s(z) = z**3 + 51*z**2 + 182*z - 276. What is s(-47)?
6
Let z(w) = 7*w**2 - 202*w + 832. What is z(5)?
-3
Let s(g) = -55*g**3 + 14*g**2 - 13*g. Calculate s(1).
-54
Let n(o) = -34741*o - 104226. Give n(-3).
-3
Let g(p) = p**3 + 27*p**2 - 125*p - 32. Determine g(-31).
-1
Let r(w) = -3*w + 1. Determine r(-3).
10
Let x(n) = -n**2 + 334*n - 4163. What is x(13)?
10
Let t(w) = -w**2 - 4*w + 189. Give t(12).
-3
Let i(x) = -x**3 - 28*x**2 + 47*x - 404. Give i(-30).
-14
Let v(g) = -2432*g - 26753. Calculate v(-11).
-1
Let m(r) = 123*r + 1105. Determine m(-10).
-125
Let d(n) = -14*n**2 + 21*n. What is d(1)?
7
Let y(b) = 2*b**2 - 8*b + 10. Calculate y(1).
4
Let p(g) = 103*g + 802. Give p(-8).
-22
Let v(u) = 38*u + 234. Give v(-6).
6
Let w(g) = g**3 - 9*g**2 + 38*g - 11. Give w(7).
157
Let z(f) = f**3 + 11*f**2 - 6*f + 256. Determine z(-13).
-4
Let m(l) = -l**3 - 63*l**2 - 184*l - 223. What is m(-60)?
17
Let p(b) = -b**3 - 45*b**2 + 900*b + 5. Give p(-60).
5
Let y(d) = -d**3 + 120*d**2 - 1574*d - 7. Calculate y(15).
8
Let k(l) = -18905*l - 18896. Give k(-1).
9
Let u(j) = -3*j**3 - 12*j**2 - 19*j - 28. Determine u(-4).
48
Let j(y) = -5*y**2 - 92*y - 319. Determine j(-13).
32
Let f(n) = 188*n - 2067. Calculate f(11).
1
Let y(v) = v**2 + 49*v + 399. What is y(-39)?
9
Let v(j) = -6*j**2 + 253*j - 1842. Determine v(33).
-27
Let t(o) = -o**3 - 22*o**2 - 21*o + 13. What is t(-21)?
13
Let d(u) = -u**3 + 113*u**2 - 5*u + 620. Determine d(113).
55
Let i(a) = -a**3 + 21*a**2 + 96*a - 2263. What is i(11)?
3
Let d(p) = -6*p + 290. Determine d(35).
80
Let y(j) = -j**3 - 41*j**2 + 449*j - 37. Calculate y(-50).
13
Let q(t) = 74*t + 801. Give q(-11).
-13
Let n(z) = -z**3 - 104*z**2 - 115*z - 1245. Determine n(-103).
-9
Let q(t) = -4*t - 30. Calculate q(-24).
66
Let n(x) = -x**3 + 15*x**2 - 60*x + 59. Determine n(6).
23
Let s(w) = -w**3 - 5*w**2 + 182*w + 1307. What is s(-10)?
-13
Let w(t) = t**3 + 5*t**2 + 29*t - 12. Determine w(-5).
-157
Let x(b) = b**3 + 9*b**2 - 15*b - 61. What is x(0)?
-61
Let v(r) = -5*r**3 - 53*r**2 - 6*r - 65. Calculate v(-11).
243
Let w(u) = 137*u**2 - 1099*u + 47. Give w(8).
23
Let p(u) = -31*u - 284. Calculate p(-9).
-5
Let b(d) = 11*d - 318. Give b(27).
-21
Let h(l) = l - 79. Calculate h(-7).
-86
Let r(q) = -q**3 - 93*q**2 + 372*q + 7. Give r(4).
-57
Let d(a) = 25*a - 124. Give d(5).
1
Let b(s) = -s**2 - 49*s - 355. Determine b(-9).
5
Let l(t) = -t**3 - 6*t**2 + 189*t - 289. Give l(10).
1
Let l(x) = 10*x**3 + 6*x**2 + 5*x - 13. Calculate l(-3).
-244
Let k(v) = 2*v**2 + 79*v + 134. Determine k(-38).
20
Let w(b) = -60*b**2 + 36*b - 3. What is w(2)?
-171
Let c(l) = -3*l**3 - 20*l**2 - 15*l - 13. What is c(-6)?
5
Let v(u) = 7*u**2 - 48*u - 4. Calculate v(7).
3
Let l(j) = -27*j**2 + 1615*j + 299. What is l(60)?
-1
Let q(s) = -35*s**3 + 177*s**2 - 10*s + 7. Determine q(5).
7
Let c(m) = 2*m**3 + 7*m**2 + 69*m - 274. What is c(4)?
242
Let j(y) = -y**3 + y**2 + y. Give j(0).
0
Let d(i) = 7*i**2 - 111*i - 559. What is d(-4)?
-3
Let a(w) = -3*w**3 + 27*w**2 - 39*w - 33. Calculate a(9).
-384
Let l(f) = -f**3 - 10*f**2 - 18*f - 77. Determine l(-9).
4
Let f(s) = -2*s**3 + 50*s**2 + 17*s - 2504. Give f(23).
3
Let p(k) = -k**2 + 80*k - 413. Give p(67).
458
Let k(d) = -244*d + 11718. Calculate k(48).
6
Let c(f) = 11*f + 27. Calculate c(-16).
-149
Let h(y) = -y**3 - 6*y**2 - 10*y - 14. Determine h(-5).
11
Let p(b) = -3*b**2 + 283*b - 849. Determine p(3).
-27
Let q(l) = -428*l + 2562. What is q(6)?
-6
Let h(b) = 11*b**2 - 21*b + 17. Determine h(-3).
179
Let h(z) = -2*z**3 - 82*z**2 - 2*z - 112. Calculate h(-41).
-30
Let b(d) = -63*d - 106. Determine b(-2).
20
Let h(n) = -n**3 + 4*n**2 + 96*n + 12. Determine h(12).
12
Let u(z) = -z**3 - 37*z**2 - 186*z + 39. Calculate u(-31).
39
Let q(v) = -2*v**3 + 130*v**2 + 262*v - 260. What is q(67)?
-662
Let j(o) = 5*o**2 + o - 325. Determine j(8).
3
Let j(a) = 2*a**3 - 15*a**2 + 10*a - 49. Calculate j(6).
-97
Let c(u) = -u**3 - 13*u**2 - 58*u - 559. Determine c(-12).
-7
Let w(n) = n**3 + 13*n**2 + 51*n + 44. Calculate w(-9).
-91
Let c(m) = 112*m - 328. Calculate c(3).
8
Let a(l) = 55*l - 28. Give a(3).
137
Let i(n) = -506*n + 3036. Give i(6).
0
Let m(g) = -g**3 - 7*g**2 - 12*g - 5. Give m(-4).
-5
Let z(i) = -770*i + 5384. Determine z(7).
-6
Let b(m) = -12*m - 9. What is b(0)?
-9
Let y(v) = -v**2 + 13*v - 47. Determine y(10).
-17
Let a(m) = -9*m**2 - 2103*m - 3478. Determine a(-232).
2
Let r(w) = -4*w**2 + 26*w - 83. What is r(7)?
-97
Let j(c) = c**3 + 11*c**2 - 126*c - 57. Calculate j(-18).
-57
Let f(q) = 3*q**2 - 82*q - 462. What is f(-5)?
23
Let d(t) = -10*t + 569. Calculate d(54).
29
Let h(w) = -2*w**3 - 6*w**2 + 18*w - 72. Calculate h(-7).
194
Let w(l) = l**2 - 6*l - 7. Give w(18).
209
Let k(o) = -1245*o + 193. Determine k(1).
-1052
Let p(h) = -h**3 + 7*h**2 - 20*h + 33. Calculate p(-9).
1509
Let r(o)